Give u(h).
5
Let u = 7 - 16. Let d = 24 + u. Let m(h) = h + 3 + 8 - d. Calculate m(-6).
-10
Suppose 1 + 6 = 4*l - 5*d, 4 = -5*l + 2*d. Let p(i) = -i - 1. Give p(l).
1
Let o be ((-20)/(-1 + 5))/(-1). Suppose -19 = -o*y + 4*z, 5*y + 0*y - 16 = z. Let u(w) = 0*w**y + 11*w**3 + w + w**2 - w**3 + w**2. What is u(-1)?
-9
Let n(z) = -z**2 + 3. Suppose 3*g - 35 = 8*g. Let m be (-1 - 0/2) + -9. Let y = g - m. What is n(y)?
-6
Suppose 0 = m - 111 - 17. Let w(t) = 5*t**2 - m + 0*t**3 + 132 + 5*t + t**3 + 0*t. Determine w(-4).
0
Suppose 4*j - 5*k = 40, -5*j - 5*k + 30 = -2*j. Let q = -8 + j. Let l(v) = 2*v + v**2 - 14 + 11 + q*v. Give l(-6).
9
Let j(h) be the third derivative of -h**6/120 + 5*h**5/12 + h**4/12 - 26*h**3/3 - 46*h**2. Let l be j(25). Let k(y) = y**3 - y**2 - 4*y - 3. What is k(l)?
-7
Let s(c) = 6 - 6*c + c - 3 + 4*c. Let y(k) = k + 15. Let j be y(-15). Suppose 5*n - m - 5 + 1 = j, n - 4 = m. Determine s(n).
3
Suppose -38*v - 1 = 151. Let p(y) = y + 6. Calculate p(v).
2
Let k(c) = -c + 2. Let m = 170 - 168. Determine k(m).
0
Suppose 5*m - 18 = -2*c, 3*c + m + 6 = 5*c. Suppose 39 = 4*x - 4*r - 1, -5*r - 36 = -3*x. Let s = x - c. Let i(p) = -p**2 + p - 1. Calculate i(s).
-7
Let o(k) = -k**2 - 9*k - 9. Let v be o(-8). Let g(r) = 0 + 0 - 15*r + 3 - 2. Calculate g(v).
16
Let h = 13 - 13. Suppose 2*x + n - 10 = h, n - 15 - 3 = -4*x. Let t(d) = d**2 - 4*d - 4. Calculate t(x).
-4
Let i = -31 - -33. Let u(m) = -17 + i*m + 33 - 9. Suppose 4*z = 2*v - 20, 0 = 3*z + z + 5*v + 20. Give u(z).
-3
Let o(p) = -126*p**2 + 376*p**2 - 123*p**2 - 15*p - 128*p**2 - 8. What is o(-15)?
-8
Let o(h) = 2*h. Let r be o(1). Let z(m) = -2*m**3 + 46 + 2*m + 22 - 71 - m**2. Calculate z(r).
-19
Let q(x) = x**3 + 5*x**2 + 5*x + 2. Let d = 4 + 2. Suppose -y = -d*y + 35. Suppose y*o - 19 = -47. What is q(o)?
-2
Let q(c) = -c**3 - 2*c**2 - 4*c - 5. Let o be q(-4). Let f(d) = 45*d - 3*d**2 + o*d - 2 - 89*d. What is f(-2)?
-12
Suppose 5*a = -2*a - 0*a. Suppose 0 = -o - 5, 5*t - 5 = 5*o + 30. Let l(y) = t*y + a*y - y + 6. Calculate l(-6).
0
Let t(a) = -11*a + 3. Let s(w) be the third derivative of -w**4/4 + w**3/6 + 10*w**2. Let n(l) = 5*s(l) - 3*t(l). What is n(3)?
5
Let k be ((-15)/(-9))/(2/(-6)). Let v = -8 - k. Let s = -1 - v. Let x(w) = w. What is x(s)?
2
Let p(t) = 8 + 10 + 21 + t - 15. Give p(-19).
5
Let z(m) = -49*m + 2 + 140*m - 46*m - 47*m. Determine z(-6).
14
Let o(x) = -x**2 - 6*x + 1. Suppose 4*y = y + 75. Suppose -36 = -19*p + y*p. Determine o(p).
1
Let y = -8 - -4. Let k be (4 - 1)*(-1 - y). Let v = -5 + k. Let l(u) = -u**3 + 3*u**2 + 4*u + 1. Calculate l(v).
1
Let c(t) = -5*t**3 - 7*t**2 - 6*t + 7. Let o(w) = 6*w**3 + 7*w**2 + 7*w - 8. Let j(k) = 7*c(k) + 6*o(k). What is j(7)?
1
Let n = 7 - 5. Let y(w) = -3*w + 1 + 40*w**n - 30*w**2 + 5*w. What is y(-1)?
9
Suppose -4*w + 7 = -9. Suppose -w*p = 8 + 8. Let o(m) = -m - 8 + 0 + 1. Determine o(p).
-3
Let d(f) be the third derivative of -f**5/60 + f**4/8 + 7*f**3/6 - 35*f**2 + 1. Determine d(-3).
-11
Let q be (-28)/(-12) - 2/(-3). Let b(u) = -4 + u**2 + 6 - 1 - q*u. Let v = -59 - -60. Calculate b(v).
-1
Let d(a) = -2*a + 5. Suppose 0 = -4*p + 6*p - 2. Let q = 218 - 222. Let o be 2/(q/8 + p). What is d(o)?
-3
Let h(m) = m**3 + 17*m**2 - 16*m + 38. Let c = -53 + 35. Give h(c).
2
Let o(t) = -26*t - 6. Let a(v) = -9*v - 2. Let r(s) = -11*a(s) + 4*o(s). Give r(-5).
23
Let v(d) = 7*d**2 + 4*d - 5. Let k(b) = -3*b**2 - 2*b + 2. Let j(p) = 5*k(p) + 2*v(p). Let i(m) = 4*m**2 + 6*m. Let n(s) = -2*i(s) - 7*j(s). Determine n(4).
-8
Let y(u) = -11*u - 33. Let m be y(-3). Let g(i) = i - 9. Give g(m).
-9
Suppose 0 = -47*j - 79 + 361. Let h(x) = x + 3. Calculate h(j).
9
Let a(x) = -43 + 8*x**2 + 9*x + 98 - 57 - x**3. Calculate a(9).
-2
Let k(b) = 7*b - 1. Let g(w) = 2*w - 3. Let z(s) = -3*g(s) + k(s). Give z(0).
8
Let o(g) be the first derivative of -17*g**4/2 + g + 20. What is o(1)?
-33
Let b(v) = -v - 5234*v**2 + 5235*v**2 + 3*v + 2 + 4. Determine b(0).
6
Let c(s) = -s**2 + 14*s - 15. Let h(b) = b**2 - 15*b + 17. Let q(r) = -5*c(r) - 4*h(r). Give q(7).
-14
Let n(u) = u**2 + 11*u + 14. Let c be (24 + -24)/(1 - 4). Suppose c = 2*r - 4*x + 16, -3*x - 49 = 5*r - 4*x. Determine n(r).
4
Suppose -1 = z + r + 2, -35 = -5*z + 5*r. Suppose -j = -z, -2*j + 0 - 4 = -2*c. Suppose -2*u + c = -5*d, 3*u + 1 = -0*u + 4*d. Let a(i) = 2*i. Give a(u).
-6
Let m = 19 - 9. Suppose m = -2*x - 4. Let v(s) = -3*s**2 - 6*s - 3. Let c(f) = 16*f**2 + 29*f + 16. Let j(r) = -2*c(r) - 11*v(r). Give j(x).
-6
Let i(n) = 2 - 6*n**2 + 5 + 10*n - n**3 + 0*n**3. Let g = 490 + -497. Give i(g).
-14
Let u = 7 - 4. Let t(i) = 9*i - 14*i + 3 + 4*i. Give t(u).
0
Let p = 17 + 3. Suppose p*n - 12 = 17*n. Let l(u) = u**3 - 5*u**2 + 3*u - 1. What is l(n)?
-5
Let s(x) be the third derivative of -x**4/12 - 2*x**3 - 199*x**2. Give s(-7).
2
Let x be ((-11)/3)/(-1)*3. Suppose 0 = 3*l - 5*c + 36, -2*l - 2*c + 3 = x. Let a(h) be the first derivative of h**3/3 + 7*h**2/2 - 3*h - 12. What is a(l)?
-3
Let x be 2/7 + 4/(-14). Let p(n) = 1. Let k(r) = -r - 8. Let q = 48 - 46. Let b(z) = q*p(z) + k(z). Give b(x).
-6
Let q(c) be the first derivative of -c**4/4 - 13*c**3/3 - c**2/2 - 6*c + 256. Give q(-13).
7
Suppose 2*k - 6 = -0*k. Let d(v) = 0*v**2 + 0*v**2 + v**2 - k*v**2 + v. Give d(-1).
-3
Let n = 10 + -25. Let d be (10/3)/(10/n). Let t(o) = 1 + 14*o**2 + o**3 - 2*o - 9*o**2 + 1. Calculate t(d).
12
Let m(w) = -60*w + 29. Let q(s) = -14*s + 7. Let v(t) = 6*m(t) - 26*q(t). What is v(6)?
16
Let y(h) = -2*h**3 - 17*h**2 + 11*h + 9. Let o(l) = 2*l**2 - 34*l + 51. Let u be o(15). Give y(u).
-9
Suppose 5*o - 2 = 3*a + 23, 4*o - 8 = 0. Let l be (1 - -2)*4/(-12). Let p be (a/(-1) + -1)/l. Let b(u) = u**3 + 4*u**2 - u + 2. Determine b(p).
6
Let a(k) = -k**3 + 7*k**2 + 4*k + 7. Let v(z) = -z**3 + 8*z**2 + 4*z + 8. Let d(i) = 4*a(i) - 3*v(i). Let g be 14/(-42) + (-32)/(-6). What is d(g)?
-1
Let v(i) = 7*i**2 - 2*i - 3. Let g be (2 - -1)*12/(-18). Calculate v(g).
29
Let l(x) = x**2 + 3*x - 12. Let g be l(-3). Let r(s) = -s**2 - 5*s + 12. Determine r(g).
-72
Let u = 81 - 77. Suppose 2*z = -u*z. Let l(x) = x + 5. What is l(z)?
5
Suppose 0 = 6*w - 2*w + 3*f - 273, -4*f = -5*w + 349. Let l = -61 + w. Let k(c) = -c**3 + 9*c**2 - 6*c - 4. Determine k(l).
12
Let q(a) = 2*a + 35. Let m(w) = -w - 17. Let i(x) = -13*m(x) - 6*q(x). Let s be i(-5). Suppose -s = -0*v - v. Let t(j) = j**2 - 5*j + 4. Calculate t(v).
10
Let w(v) = v + 13. Let f be 44/20*-5*(0 + 1). Calculate w(f).
2
Let a(x) = x**2 - 7*x - 18. Let p be -9*(0 + 3/(-3)). Give a(p).
0
Let u(q) be the first derivative of q**4/4 + q**3/3 - q - 3. Let w be (5 + -6)/((-1)/2). Let m be -3 + 20/11 + w/11. Calculate u(m).
-1
Let l be (-1)/(70/75 + 3/(-5)). Let h be l - (-2)/1 - (11 - 13). Let q(x) = -19*x**2 - x + 1. What is q(h)?
-19
Let k(h) be the third derivative of h**6/120 - h**5/60 - h**4/24 + 2*h**3/3 + h**2. Suppose -52 = -9*m - 52. Give k(m).
4
Let d(m) = m**2 + 2*m - 2. Let j(p) = -2*p + 2. Let g be j(1). Let o be (-2 - -6)*(g + 6/8). Determine d(o).
13
Let b(k) = 13*k - 19. Let c(h) = h - 2. Let i(n) = 2*b(n) - 18*c(n). Calculate i(2).
14
Let r(k) be the first derivative of 5 - 3*k + 1/3*k**3 - 5/2*k**2. Give r(5).
-3
Let t(x) = -x**3 + 9*x**2 - 9*x + 15. Suppose -49*l = -17*l - 256. Determine t(l).
7
Let n(k) = 22*k + 3 - k**2 - 4*k**2 + 5*k**2 - k**2. What is n(22)?
3
Let x(w) = -5*w**3 - 5*w**2 + 15*w - 7. Let j(a) = -2*a**3 - 3*a**2 + 7*a - 2. Let c(t) = -7*j(t) + 3*x(t). Determine c(5).
-2
Let s = -4045 - -4037. Let b(z) = -5*z**3 + z**2 - 3*z - 5. Let m(j) = -6*j**3 - 2*j - 5. Let k(x) = -7*b(x) + 6*m(x). What is k(s)?
-3
Let p be (-2 - 13)*15/25. Let t(a) = a + 7. Give t(p).
-2
Let k(p) = 9*p - 10*p + p**2 + 6*p + 5 - p. Suppose 5*c + 3*t = -8, -3*c = -t - 2*t + 24. Give k(c).
5
Let k(j) = -2*j. Let o = 336 - 338. Give k(o).
4
Let v(n) be the first derivative of -n**2/2 - 25. Calculate v(-3).
3
Let i(q) be the second derivative of q**3/2 + 3*q**2/2 + 221*q. Give i(3).
12
Let v(x) = -2*x**2 - 30*x - 115. Let k be v(-8). Let l(y) = -y**3 - 2*y**2 - 4*y. Give l(k).
21
Let j(g) = -1. Let c(y) = y**2 - 10*y - 2. Let k(p) = c(p) + 5*j(p). Calculate k(10).
-7
Let w(f) = f + 0 + 0*f + 3. Let g be 4/(-8)*0*(8 - 7). Determine w(g).
3
Let y(v) = v**3